{"id":1546,"date":"2020-04-14T19:09:33","date_gmt":"2020-04-14T17:09:33","guid":{"rendered":"http:\/\/wordpress.ovaledeloire-amboise-rugby.fr\/?page_id=1546"},"modified":"2025-07-18T22:21:50","modified_gmt":"2025-07-18T20:21:50","slug":"les-equipes-2","status":"publish","type":"page","link":"https:\/\/www.ovaledeloire-amboise-rugby.fr\/?page_id=1546","title":{"rendered":"LES EQUIPES"},"content":{"rendered":"<p>L&#8217;Ovale de Loire Amboise Rugby s&#8217;est organis\u00e9 en plusieurs P\u00f4les sportif.<\/p>\n<ul>\n<li>l&#8217;Ecole de Rugby (EDR) : U6, U8, U10, U12, U14<\/li>\n<li>Le P\u00f4le Jeunes : M-14, F-15, M-16, F-18, M-18, M-19<\/li>\n<li>Le P\u00f4le Seniors comp\u00e9titions :<\/li>\n<li>Le P\u00f4le Loisirs : &#8220;Les Vendanges Tardive&#8221; \u00e0 XV et le Five<\/li>\n<\/ul>\n<p><a href=\"https:\/\/www.ovaledeloire-amboise-rugby.fr\/?page_id=5056\"><img loading=\"lazy\" class=\"aligncenter wp-image-5110 size-medium\" src=\"https:\/\/www.ovaledeloire-amboise-rugby.fr\/wp-content\/uploads\/2025\/07\/Bouton-Saison-2025-2026-D-300x90.jpg\" alt=\"\" width=\"300\" height=\"90\" srcset=\"https:\/\/www.ovaledeloire-amboise-rugby.fr\/wp-content\/uploads\/2025\/07\/Bouton-Saison-2025-2026-D-300x90.jpg 300w, https:\/\/www.ovaledeloire-amboise-rugby.fr\/wp-content\/uploads\/2025\/07\/Bouton-Saison-2025-2026-D.jpg 378w\" sizes=\"(max-width: 300px) 100vw, 300px\" \/><br \/>\n<\/a><\/p>\n<p style=\"text-align: center;\">\n","protected":false},"excerpt":{"rendered":"<p>L&#8217;Ovale de Loire Amboise Rugby s&#8217;est organis\u00e9 en plusieurs P\u00f4les sportif. l&#8217;Ecole de Rugby (EDR) : U6, U8, U10, U12, U14 Le P\u00f4le Jeunes : M-14, F-15, M-16, F-18, M-18, M-19 Le P\u00f4le Seniors comp\u00e9titions : Le P\u00f4le Loisirs : &#8220;Les Vendanges Tardive&#8221; \u00e0 XV et le Five<\/p>\n","protected":false},"author":1,"featured_media":0,"parent":0,"menu_order":0,"comment_status":"closed","ping_status":"closed","template":"","meta":[],"_links":{"self":[{"href":"https:\/\/www.ovaledeloire-amboise-rugby.fr\/index.php?rest_route=\/wp\/v2\/pages\/1546"}],"collection":[{"href":"https:\/\/www.ovaledeloire-amboise-rugby.fr\/index.php?rest_route=\/wp\/v2\/pages"}],"about":[{"href":"https:\/\/www.ovaledeloire-amboise-rugby.fr\/index.php?rest_route=\/wp\/v2\/types\/page"}],"author":[{"embeddable":true,"href":"https:\/\/www.ovaledeloire-amboise-rugby.fr\/index.php?rest_route=\/wp\/v2\/users\/1"}],"replies":[{"embeddable":true,"href":"https:\/\/www.ovaledeloire-amboise-rugby.fr\/index.php?rest_route=%2Fwp%2Fv2%2Fcomments&post=1546"}],"version-history":[{"count":9,"href":"https:\/\/www.ovaledeloire-amboise-rugby.fr\/index.php?rest_route=\/wp\/v2\/pages\/1546\/revisions"}],"predecessor-version":[{"id":5112,"href":"https:\/\/www.ovaledeloire-amboise-rugby.fr\/index.php?rest_route=\/wp\/v2\/pages\/1546\/revisions\/5112"}],"wp:attachment":[{"href":"https:\/\/www.ovaledeloire-amboise-rugby.fr\/index.php?rest_route=%2Fwp%2Fv2%2Fmedia&parent=1546"}],"curies":[{"name":"wp","href":"https:\/\/api.w.org\/{rel}","templated":true}]}}