{"id":1718,"date":"2020-04-19T21:43:27","date_gmt":"2020-04-19T19:43:27","guid":{"rendered":"http:\/\/wordpress.ovaledeloire-amboise-rugby.fr\/?page_id=1718"},"modified":"2021-08-14T09:24:49","modified_gmt":"2021-08-14T07:24:49","slug":"partenaires","status":"publish","type":"page","link":"https:\/\/www.ovaledeloire-amboise-rugby.fr\/?page_id=1718","title":{"rendered":"PARTENAIRES"},"content":{"rendered":"<p>&nbsp;<\/p>\n<p style=\"text-align: center;\">Partagez et \u00e9changez autour des valeurs du Rugby avec un club jeune, dynamique, au d\u00e9but glorieux et \u00e0 l&#8217;avenir prometteur.<\/p>\n<p style=\"text-align: center;\">Associez votre marque aux valeurs de l\u2019Ovale de Loire Amboise Rugby et partageons nos valeurs et r\u00e9seaux pour dynamiser notre relationnel et nos r\u00e9sultats.<\/p>\n<p style=\"text-align: center;\"><a href=\"https:\/\/www.ovaledeloire-amboise-rugby.fr\/?page_id=1713\"><img loading=\"lazy\" class=\"wp-image-3545 size-medium alignleft\" src=\"https:\/\/www.ovaledeloire-amboise-rugby.fr\/wp-content\/uploads\/2021\/08\/Image-Devenir-Partenaire-250x300.jpg\" alt=\"\" width=\"250\" height=\"300\" srcset=\"https:\/\/www.ovaledeloire-amboise-rugby.fr\/wp-content\/uploads\/2021\/08\/Image-Devenir-Partenaire-250x300.jpg 250w, https:\/\/www.ovaledeloire-amboise-rugby.fr\/wp-content\/uploads\/2021\/08\/Image-Devenir-Partenaire.jpg 378w\" sizes=\"(max-width: 250px) 100vw, 250px\" \/><\/a><a href=\"https:\/\/www.ovaledeloire-amboise-rugby.fr\/?page_id=883\"><img loading=\"lazy\" class=\"alignleft wp-image-3546 size-medium\" src=\"https:\/\/www.ovaledeloire-amboise-rugby.fr\/wp-content\/uploads\/2021\/08\/Image-Ils-nous-soutiennent-250x300.jpg\" alt=\"\" width=\"250\" height=\"300\" srcset=\"https:\/\/www.ovaledeloire-amboise-rugby.fr\/wp-content\/uploads\/2021\/08\/Image-Ils-nous-soutiennent-250x300.jpg 250w, https:\/\/www.ovaledeloire-amboise-rugby.fr\/wp-content\/uploads\/2021\/08\/Image-Ils-nous-soutiennent.jpg 378w\" sizes=\"(max-width: 250px) 100vw, 250px\" \/><\/a><\/p>\n<p>&nbsp;<\/p>\n<p>&nbsp;<\/p>\n","protected":false},"excerpt":{"rendered":"<p>&nbsp; Partagez et \u00e9changez autour des valeurs du Rugby avec un club jeune, dynamique, au d\u00e9but glorieux et \u00e0 l&#8217;avenir prometteur. Associez votre marque aux valeurs de l\u2019Ovale de Loire Amboise Rugby et partageons nos valeurs et r\u00e9seaux pour dynamiser notre relationnel et nos r\u00e9sultats. &nbsp; &nbsp;<\/p>\n","protected":false},"author":1,"featured_media":0,"parent":0,"menu_order":0,"comment_status":"closed","ping_status":"closed","template":"templates\/template-full-width.php","meta":[],"_links":{"self":[{"href":"https:\/\/www.ovaledeloire-amboise-rugby.fr\/index.php?rest_route=\/wp\/v2\/pages\/1718"}],"collection":[{"href":"https:\/\/www.ovaledeloire-amboise-rugby.fr\/index.php?rest_route=\/wp\/v2\/pages"}],"about":[{"href":"https:\/\/www.ovaledeloire-amboise-rugby.fr\/index.php?rest_route=\/wp\/v2\/types\/page"}],"author":[{"embeddable":true,"href":"https:\/\/www.ovaledeloire-amboise-rugby.fr\/index.php?rest_route=\/wp\/v2\/users\/1"}],"replies":[{"embeddable":true,"href":"https:\/\/www.ovaledeloire-amboise-rugby.fr\/index.php?rest_route=%2Fwp%2Fv2%2Fcomments&post=1718"}],"version-history":[{"count":2,"href":"https:\/\/www.ovaledeloire-amboise-rugby.fr\/index.php?rest_route=\/wp\/v2\/pages\/1718\/revisions"}],"predecessor-version":[{"id":3548,"href":"https:\/\/www.ovaledeloire-amboise-rugby.fr\/index.php?rest_route=\/wp\/v2\/pages\/1718\/revisions\/3548"}],"wp:attachment":[{"href":"https:\/\/www.ovaledeloire-amboise-rugby.fr\/index.php?rest_route=%2Fwp%2Fv2%2Fmedia&parent=1718"}],"curies":[{"name":"wp","href":"https:\/\/api.w.org\/{rel}","templated":true}]}}