{"id":293,"date":"2016-08-27T16:49:55","date_gmt":"2016-08-27T14:49:55","guid":{"rendered":"http:\/\/wordpress.ovaledeloire-amboise-rugby.fr\/?page_id=293"},"modified":"2025-07-18T22:12:46","modified_gmt":"2025-07-18T20:12:46","slug":"les-dirigeants","status":"publish","type":"page","link":"https:\/\/www.ovaledeloire-amboise-rugby.fr\/?page_id=293","title":{"rendered":"Organigramme"},"content":{"rendered":"<p style=\"text-align: justify; padding-left: 30px;\"><span style=\"color: #000000;\">Les instances dirigeantes du Club se composent d\u2019un bureau directeur \u00e9lu, d\u2019un comit\u00e9 directeur \u00e9lu, de commissions, qui se r\u00e9unissent au minimum toutes les 6 semaines.<\/span><\/p>\n<p style=\"text-align: justify; padding-left: 30px;\"><span style=\"color: #000000;\">Les commissions du comit\u00e9 directeur sont renforc\u00e9es d\u2019un grand nombre de b\u00e9n\u00e9voles qui \u0153uvrent dans l\u2019ombre pour le bon fonctionnement de notre Club.<\/span><\/p>\n<p style=\"text-align: justify; padding-left: 30px;\"><span style=\"color: #000000;\">Chaque \u00e9ducateur fait partie du comit\u00e9 ou de commission.<\/span><\/p>\n<p>&nbsp;<\/p>\n<h5><span style=\"text-decoration: underline;\"><strong><em><span style=\"color: #ff0000; text-decoration: underline;\">LES BUREAU DIRECTEUR 2025\/2026 :<\/span><\/em><\/strong><\/span><\/h5>\n<ul>\n<li><span style=\"color: #000000;\"><strong>Pr\u00e9sident : <\/strong>Cyril LEBOURL\u00c8S<\/span><\/li>\n<li><strong>Secr\u00e9taire :<\/strong> Cathy WALTER<\/li>\n<li><strong>Secr\u00e9taire adjointe :<\/strong> Aur\u00e9lie OESTERLE<\/li>\n<li><strong>Tr\u00e9sorier :<\/strong> Julie BEAUGE<\/li>\n<li><strong>Tr\u00e9sorier Adjoint :<\/strong> Alexandre LESIEUR<\/li>\n<\/ul>\n<p>&nbsp;<\/p>\n<h5><span style=\"text-decoration: underline;\"><strong><em><span style=\"color: #ff0000; text-decoration: underline;\">LE COMITE DIRECTEUR 2025\/2026 :<\/span><\/em><\/strong><\/span><\/h5>\n<ul>\n<li><span style=\"color: #000000;\"><strong>Membres \u00e0 voix d\u00e9lib\u00e9ratives :<\/strong><\/span><span style=\"color: #000000;\"><br style=\"text-align: start;\" \/><span style=\"text-align: start; color: #000000;\">Cyril LEBOURL\u00c8S, Alexandre LESIEUR, Cathy WALTER, Aur\u00e9lie OESTERLE, Julie BEAUGE, Germaine BALAY, Magali TISON<br style=\"text-align: start;\" \/><\/span><br \/>\n<\/span><\/li>\n<li><span style=\"color: #000000;\"><strong>Membres \u00e0 voix consultatives :<\/strong><\/span><span style=\"color: #000000;\"><br style=\"text-align: start;\" \/>St\u00e9phane DEMBOWIAK, Alain PURET, Sylvain COSSONNET, Lo\u00efc GERBIER,<br \/>\n<\/span><\/li>\n<\/ul>\n<h5><\/h5>\n<h5><span style=\"text-decoration: underline;\"><strong><em><span style=\"color: #ff0000; text-decoration: underline;\">LES COMMISSIONS 2025\/2026 :<\/span><\/em><\/strong><\/span><\/h5>\n<p style=\"text-align: justify; padding-left: 40px;\"><span style=\"color: #000000;\">Les commissions se r\u00e9unissent r\u00e9guli\u00e8rement et au gr\u00e9s des besoins du club et \u00e0 la demande du responsable ou du pr\u00e9sident du club<\/span><\/p>\n<ul>\n<li><span style=\"color: #000000;\"><strong>Commission Ecole de Rugby :<\/strong> Educatif et sportif<\/span><span style=\"color: #000000;\"><br style=\"text-align: start;\" \/><span style=\"text-align: start; color: #000000;\">Responsable : Arthur SCOTTO DI ROSATO<br style=\"text-align: start;\" \/><\/span><span style=\"color: #000000; text-align: start;\">Groupe : L&#8217;ensemble des \u00e9ducateurs de l&#8217;EDR, le manager sportif et le staff de l&#8217;EDR<\/span><\/span><\/li>\n<li><span style=\"color: #000000;\"><strong>Commission P\u00f4les Jeunes :<\/strong> Educatif, sportif et comp\u00e9titions<\/span><span style=\"color: #000000;\"><br style=\"text-align: start;\" \/><span style=\"text-align: start; color: #000000;\">Responsable : St\u00e9phane DEMBOWIAK<br style=\"text-align: start;\" \/><\/span><span style=\"color: #000000; text-align: start;\">Groupe : L&#8217;ensemble des \u00e9ducateurs du P\u00f4le Jeunes, le manager sportif et le staff des p\u00f4les jeunes masculin et f\u00e9minin.<\/span><\/span><\/li>\n<li><span style=\"color: #000000;\"><strong>Commission Seniors Comp\u00e9tition :<\/strong> Sportif, comp\u00e9titions et coh\u00e9sion<\/span><span style=\"color: #000000;\"><br style=\"text-align: start;\" \/><span style=\"text-align: start; color: #000000;\">Responsable : Alain PURET<br style=\"text-align: start;\" \/><\/span><span style=\"color: #000000; text-align: start;\">Groupe : L&#8217;ensemble des coaches, le manager sportif et le staff des seniors<\/span><\/span><\/li>\n<li><span style=\"color: #000000;\"><strong>Commission Communication :<\/strong> Internet, r\u00e9seau sociaux, visuels, etc &#8230;<\/span><span style=\"color: #000000;\"><br style=\"text-align: start;\" \/><span style=\"text-align: start; color: #000000;\">Responsable : Cyril LEBOURL\u00c8S<br style=\"text-align: start;\" \/><\/span><span style=\"color: #000000; text-align: start;\">Groupe :\u00a0<\/span><\/span><\/li>\n<li><span style=\"color: #000000;\"><strong>Commission Convivialit\u00e9 et intendance :<\/strong> Ev\u00e8nements et fonctionnement des r\u00e9ceptions<\/span><span style=\"color: #000000;\"><span style=\"color: #000000;\"><br style=\"text-align: start;\" \/><span style=\"text-align: start; color: #000000;\">Responsable : Alexandre LESSIEUR,<br style=\"text-align: start;\" \/><\/span><span style=\"color: #000000; text-align: start;\">Groupe : Alexandre LESIEUR, Cyril LEBOURL\u00c8S, Magali RAGUENEAU,\u00a0 Germaine BALAY, <\/span><\/span><\/span><span style=\"color: #000000;\"><span style=\"color: #000000; text-align: start;\">+ pr\u00e9voir de mobiliser les parents pour avoir des b\u00e9n\u00e9voles pour le jour J des \u00e9v\u00e9nements.<\/span><\/span><\/li>\n<li><span style=\"color: #000000;\"><strong>Commission Finance et partenariat :<\/strong> Budget et recherche de financement<\/span><span style=\"color: #000000;\"><span style=\"color: #000000;\"><br style=\"text-align: start;\" \/><span style=\"text-align: start; color: #000000;\">Responsable : Cyril LEBOURL\u00c8S<br style=\"text-align: start;\" \/><\/span><span style=\"color: #000000; text-align: start;\">Groupe : Alexandre LESIEUR, Julie BEAUGE<\/span><\/span><\/span><span style=\"color: #000000;\"><span style=\"color: #000000; text-align: start;\">.<\/span><\/span><\/li>\n<li><span style=\"color: #000000;\"><strong>Commission Equipements, Boutique et produits d\u00e9riv\u00e9s :<\/strong>\u00a0<\/span><span style=\"color: #000000;\"><span style=\"color: #000000;\"><br style=\"text-align: start;\" \/><span style=\"text-align: start; color: #000000;\">Responsable : Cyril LEBOURL\u00c8S et Alexandre LESIEUR<br style=\"text-align: start;\" \/><\/span><span style=\"color: #000000; text-align: start;\">Groupe : Cyril LEBOURL\u00c8S, Alexandre LESIEUR, Julie BEAUGE<\/span><\/span><\/span><span style=\"color: #000000;\"><span style=\"color: #000000; text-align: start;\">.<\/span><\/span><\/li>\n<\/ul>\n<p>&nbsp;<\/p>\n","protected":false},"excerpt":{"rendered":"<p>Les instances dirigeantes du Club se composent d\u2019un bureau directeur \u00e9lu, d\u2019un comit\u00e9 directeur \u00e9lu, de commissions, qui se r\u00e9unissent au minimum toutes les 6 semaines. Les commissions du comit\u00e9 directeur sont renforc\u00e9es d\u2019un grand nombre de b\u00e9n\u00e9voles qui \u0153uvrent dans l\u2019ombre pour le bon fonctionnement de notre Club. Chaque \u00e9ducateur fait partie du comit\u00e9 [&hellip;]<\/p>\n","protected":false},"author":1,"featured_media":0,"parent":47,"menu_order":0,"comment_status":"closed","ping_status":"closed","template":"templates\/template-full-width.php","meta":[],"_links":{"self":[{"href":"https:\/\/www.ovaledeloire-amboise-rugby.fr\/index.php?rest_route=\/wp\/v2\/pages\/293"}],"collection":[{"href":"https:\/\/www.ovaledeloire-amboise-rugby.fr\/index.php?rest_route=\/wp\/v2\/pages"}],"about":[{"href":"https:\/\/www.ovaledeloire-amboise-rugby.fr\/index.php?rest_route=\/wp\/v2\/types\/page"}],"author":[{"embeddable":true,"href":"https:\/\/www.ovaledeloire-amboise-rugby.fr\/index.php?rest_route=\/wp\/v2\/users\/1"}],"replies":[{"embeddable":true,"href":"https:\/\/www.ovaledeloire-amboise-rugby.fr\/index.php?rest_route=%2Fwp%2Fv2%2Fcomments&post=293"}],"version-history":[{"count":15,"href":"https:\/\/www.ovaledeloire-amboise-rugby.fr\/index.php?rest_route=\/wp\/v2\/pages\/293\/revisions"}],"predecessor-version":[{"id":5109,"href":"https:\/\/www.ovaledeloire-amboise-rugby.fr\/index.php?rest_route=\/wp\/v2\/pages\/293\/revisions\/5109"}],"up":[{"embeddable":true,"href":"https:\/\/www.ovaledeloire-amboise-rugby.fr\/index.php?rest_route=\/wp\/v2\/pages\/47"}],"wp:attachment":[{"href":"https:\/\/www.ovaledeloire-amboise-rugby.fr\/index.php?rest_route=%2Fwp%2Fv2%2Fmedia&parent=293"}],"curies":[{"name":"wp","href":"https:\/\/api.w.org\/{rel}","templated":true}]}}