{"id":3805,"date":"2022-05-26T14:48:07","date_gmt":"2022-05-26T12:48:07","guid":{"rendered":"http:\/\/www.ovaledeloire-amboise-rugby.fr\/?page_id=3805"},"modified":"2022-07-17T14:38:26","modified_gmt":"2022-07-17T12:38:26","slug":"saison-2022-2023","status":"publish","type":"page","link":"https:\/\/www.ovaledeloire-amboise-rugby.fr\/?page_id=3805","title":{"rendered":"SAISON 2022\/2023"},"content":{"rendered":"<p><img loading=\"lazy\" class=\"aligncenter wp-image-3984 size-full\" src=\"https:\/\/www.ovaledeloire-amboise-rugby.fr\/wp-content\/uploads\/2022\/07\/Presentation-22-23.jpg\" alt=\"\" width=\"1123\" height=\"567\" srcset=\"https:\/\/www.ovaledeloire-amboise-rugby.fr\/wp-content\/uploads\/2022\/07\/Presentation-22-23.jpg 1123w, https:\/\/www.ovaledeloire-amboise-rugby.fr\/wp-content\/uploads\/2022\/07\/Presentation-22-23-300x151.jpg 300w, https:\/\/www.ovaledeloire-amboise-rugby.fr\/wp-content\/uploads\/2022\/07\/Presentation-22-23-1024x517.jpg 1024w, https:\/\/www.ovaledeloire-amboise-rugby.fr\/wp-content\/uploads\/2022\/07\/Presentation-22-23-768x388.jpg 768w\" sizes=\"(max-width: 1123px) 100vw, 1123px\" \/><\/p>\n<h5><span style=\"color: #ff0000;\"><em><strong><span style=\"text-decoration: underline;\">REPRISE DES ENTRA\u00ceNEMENTS POUR LA SAISON 2022\/2023<\/span>\u00a0:<\/strong><\/em><\/span><\/h5>\n<ul>\n<li><span style=\"color: #000000;\"><strong>Baby-Rugby, U6, U8, U10, U12<\/strong> : samedi 27 ao\u00fbt 2022, \u00e0 14h30<\/span><\/li>\n<li><span style=\"color: #000000;\"><strong>M14, F15<\/strong> : mercredi 24 ao\u00fbt 2022, \u00e0 18h30<\/span><\/li>\n<li><span style=\"color: #000000;\"><strong>M16, M19<\/strong> : mercredi 24 ao\u00fbt 2021, \u00e0 19H30<\/span><\/li>\n<li><span style=\"color: #000000;\"><strong>F18<\/strong> : mercredi 24 ao\u00fbt 2022, \u00e0 18H30<\/span><\/li>\n<li><span style=\"color: #000000;\"><strong>M+18, Seniors Comp\u00e9titions<\/strong> : mercredi 24 ao\u00fbt 2022, \u00e0 19h30<\/span><\/li>\n<li><span style=\"color: #000000;\"><strong>Seniors Loisirs &#8220;Les Vendanges Tardives&#8221;<\/strong> : jeudi 1er septembre 2022, \u00e0 20h00<\/span><\/li>\n<li><span style=\"color: #000000;\"><strong>Five Loisirs &#8220;&#8230;..&#8221;<\/strong> : jeudi 1er septembre 2022, \u00e0 20h00<\/span><\/li>\n<\/ul>\n<p>&nbsp;<\/p>\n<h5><span style=\"color: #ff0000;\"><em><strong><span style=\"text-decoration: underline;\">INSCRIPTIONS POUR LA SAISON 2022\/2023<\/span>\u00a0:<\/strong><\/em><\/span><\/h5>\n<p><span style=\"color: #000000;\">A partir de Mi juin 2022, T\u00e9l\u00e9chargez le formulaire qui vous concerne et, une fois rempli, transmettez-le au Club via le contact du site.\u00a0 \u00a0 \u00a0 \u00a0 \u00a0 <\/span><\/p>\n<p><a href=\" https:\/\/www.ovaledeloire-amboise-rugby.fr\/?page_id=3936\"><img loading=\"lazy\" class=\"aligncenter wp-image-3216 size-medium\" src=\"https:\/\/www.ovaledeloire-amboise-rugby.fr\/wp-content\/uploads\/2021\/08\/Boutons-Inscriptions-300x90.jpg\" alt=\"\" width=\"300\" height=\"90\" srcset=\"https:\/\/www.ovaledeloire-amboise-rugby.fr\/wp-content\/uploads\/2021\/08\/Boutons-Inscriptions-300x90.jpg 300w, https:\/\/www.ovaledeloire-amboise-rugby.fr\/wp-content\/uploads\/2021\/08\/Boutons-Inscriptions.jpg 378w\" sizes=\"(max-width: 300px) 100vw, 300px\" \/><\/a><\/p>\n<p><span style=\"color: #000000;\">Toutes les coordonn\u00e9es sont indiqu\u00e9es sur les dossiers d\u2019inscription si vous avez besoin d\u2019informations.<\/span><\/p>\n<p><span style=\"color: #000000;\">Vous recevrez par la suite un mail FFR pour t\u00e9l\u00e9charger le certificat m\u00e9dical et l\u2019autorisation de soins n\u00e9cessaires \u00e0 la r\u00e9alisation de la licence.<\/span><\/p>\n<p><span style=\"color: #000000;\">Le site<\/span> <a href=\"https:\/\/ovale2.ffr.fr\" target=\"_blank\" rel=\"noopener noreferrer\">ovale-2<\/a> <span style=\"color: #000000;\">vous servira \u00e0 \u00e9tablir votre licence. Un lien avec identifiant et mot de passe vous sera envoy\u00e9 par les dirigeants du Club.<\/span><\/p>\n<p>&nbsp;<\/p>\n<h5><span style=\"color: #ff0000;\"><em><strong><span style=\"text-decoration: underline;\">LES GROUPES 2022\/2023<\/span>\u00a0:<\/strong><\/em><\/span><\/h5>\n<p><span style=\"color: #ff0000;\"><em><strong><span style=\"text-decoration: underline;\">Ecole de Rugby 2022\/2023<\/span> : Formation et suivi pour les petits Ovaliens et les petites Ovaliennes<\/strong><\/em><\/span><\/p>\n<p><img loading=\"lazy\" class=\"aligncenter wp-image-3980\" src=\"https:\/\/www.ovaledeloire-amboise-rugby.fr\/wp-content\/uploads\/2022\/07\/edr-22-23-1024x517.jpg\" alt=\"\" width=\"900\" height=\"454\" srcset=\"https:\/\/www.ovaledeloire-amboise-rugby.fr\/wp-content\/uploads\/2022\/07\/edr-22-23-1024x517.jpg 1024w, https:\/\/www.ovaledeloire-amboise-rugby.fr\/wp-content\/uploads\/2022\/07\/edr-22-23-300x151.jpg 300w, https:\/\/www.ovaledeloire-amboise-rugby.fr\/wp-content\/uploads\/2022\/07\/edr-22-23-768x388.jpg 768w, https:\/\/www.ovaledeloire-amboise-rugby.fr\/wp-content\/uploads\/2022\/07\/edr-22-23.jpg 1123w\" sizes=\"(max-width: 900px) 100vw, 900px\" \/><\/p>\n<p><span style=\"text-align: start; color: #000000;\">L&#8217;Ovale de Loire Amboise Rugby t&#8217;attend : Saison 2022\/2023.<\/span><br style=\"text-align: start;\" \/><span style=\"text-align: start; color: #000000;\">Tu es sur l&#8217;Est de la Touraine ou tu arrive dans la r\u00e9gion. Tu joues ou tu souhaite d\u00e9buter le rugby. Surtout tu d\u00e9sir partager une aventure avec des copains et des copines soud\u00e9s, tous pr\u00e9sent pour contribuer \u00e0 tes projets de vie, sportif. L&#8217;Ovale de Loire Amboise Rugby t&#8217;ouvre ses portes, Sport, Passion, Plaisir et Camaraderie<br style=\"text-align: start;\" \/>Prend vite contact avec le pr\u00e9sident ou les Coachs :<br style=\"text-align: start;\" \/>Cyril LEBOURL\u00c8S : 06-95-57-75-42\u00a0 \/\u00a0 president@ovaledeloire-amboise-rugby.fr<br style=\"text-align: start;\" \/>St\u00e9phane PEGUET BORDESSOUL : 06-30-37-45-53\u00a0 \/\u00a0 ecolederugby@ovaledeloire-amboise-rugby.fr<br style=\"text-align: start;\" \/>Nicolas BIDAULT : 06-28-20-32-78\u00a0 \/\u00a0 ecolederugby@ovaledeloire-amboise-rugby.fr<\/span><\/p>\n<p>&nbsp;<\/p>\n<p><span style=\"color: #ff0000;\"><em><strong><span style=\"text-decoration: underline;\">Structuration du P\u00f4le Jeunes 2022\/2023<\/span>\u00a0: Formation et continuit\u00e9 pour les jeunes Ovaliens<\/strong><\/em><\/span><\/p>\n<p><img loading=\"lazy\" class=\"aligncenter wp-image-3889 size-large\" src=\"https:\/\/www.ovaledeloire-amboise-rugby.fr\/wp-content\/uploads\/2022\/06\/recrutement-2022-2033-Jeunes-M-1-1024x724.jpg\" alt=\"\" width=\"580\" height=\"410\" srcset=\"https:\/\/www.ovaledeloire-amboise-rugby.fr\/wp-content\/uploads\/2022\/06\/recrutement-2022-2033-Jeunes-M-1-1024x724.jpg 1024w, https:\/\/www.ovaledeloire-amboise-rugby.fr\/wp-content\/uploads\/2022\/06\/recrutement-2022-2033-Jeunes-M-1-300x212.jpg 300w, https:\/\/www.ovaledeloire-amboise-rugby.fr\/wp-content\/uploads\/2022\/06\/recrutement-2022-2033-Jeunes-M-1-768x543.jpg 768w, https:\/\/www.ovaledeloire-amboise-rugby.fr\/wp-content\/uploads\/2022\/06\/recrutement-2022-2033-Jeunes-M-1.jpg 1123w\" sizes=\"(max-width: 580px) 100vw, 580px\" \/><\/p>\n<p><span style=\"text-align: start; color: #000000;\">L&#8217;Ovale de Loire Amboise Rugby t&#8217;attend : Saison 2022\/2023.<br style=\"text-align: start;\" \/>Tu es sur l&#8217;Est de la Touraine ou tu arrive dans la r\u00e9gion. Tu joues en championnat r\u00e9gional ou tu souhaite d\u00e9buter le rugby. Surtout tu d\u00e9sir partager une aventure humaine, solidaire et haletante, avec un club et des co\u00e9quipiers soud\u00e9s, tous pr\u00e9sent pour contribuer \u00e0 tes projets de vie, sportif. L&#8217;Ovale de Loire Amboise Rugby t&#8217;ouvre ses portes, Sport, Passion, Plaisir et Camaraderie<br style=\"text-align: start;\" \/>Prend vite contact avec le pr\u00e9sident ou les Coachs :<br style=\"text-align: start;\" \/>Cyril LEBOURL\u00c8S : 06-95-57-75-42\u00a0 \/\u00a0 president@ovaledeloire-amboise-rugby.fr<br style=\"text-align: start;\" \/>St\u00e9phane DEMBOWIAK : 06-42-17-39-32\u00a0 \/\u00a0 polejeunes@ovaledeloire-amboise-rugby.fr<br style=\"text-align: start;\" \/>Alain PURET : 06-63-36-19-09\u00a0 \/\u00a0 polejeunes@ovaledeloire-amboise-rugby.fr<\/span><\/p>\n<p>&nbsp;<\/p>\n<p><span style=\"color: #ff0000;\"><em><strong><span style=\"text-decoration: underline;\">Evolution du P\u00f4le Seniors 2022\/2023 :<\/span> Pr\u00e9paration et performance, en r\u00e9gionale 2 ou 3<\/strong><\/em><\/span><\/p>\n<h6><img loading=\"lazy\" class=\"aligncenter wp-image-3884 size-large\" src=\"https:\/\/www.ovaledeloire-amboise-rugby.fr\/wp-content\/uploads\/2022\/06\/recrutement-2022-2033-Seniors-5-1024x724.jpg\" alt=\"\" width=\"580\" height=\"410\" srcset=\"https:\/\/www.ovaledeloire-amboise-rugby.fr\/wp-content\/uploads\/2022\/06\/recrutement-2022-2033-Seniors-5-1024x724.jpg 1024w, https:\/\/www.ovaledeloire-amboise-rugby.fr\/wp-content\/uploads\/2022\/06\/recrutement-2022-2033-Seniors-5-300x212.jpg 300w, https:\/\/www.ovaledeloire-amboise-rugby.fr\/wp-content\/uploads\/2022\/06\/recrutement-2022-2033-Seniors-5-768x543.jpg 768w, https:\/\/www.ovaledeloire-amboise-rugby.fr\/wp-content\/uploads\/2022\/06\/recrutement-2022-2033-Seniors-5.jpg 1123w\" sizes=\"(max-width: 580px) 100vw, 580px\" \/><\/h6>\n<p><span style=\"text-align: start; color: #000000;\">L&#8217;Ovale de Loire Amboise Rugby t&#8217;attend : Saison 2022\/2023.<br style=\"text-align: start;\" \/>Tu es sur l&#8217;Est de la Touraine ou tu arrive dans la r\u00e9gion. Tu joues en championnat r\u00e9gional ou tu souhaite d\u00e9buter le rugby. Surtout tu d\u00e9sir partager une aventure humaine, solidaire et haletante, avec un club et des co\u00e9quipiers soud\u00e9s, tous pr\u00e9sent pour contribuer \u00e0 tes projets de vie, sportif. L&#8217;Ovale de Loire Amboise Rugby t&#8217;ouvre ses portes, Sport, Passion, Plaisir et Camaraderie<br style=\"text-align: start;\" \/>Prend vite contact avec le pr\u00e9sident ou les Coachs :<br style=\"text-align: start;\" \/>Cyril LEBOURL\u00c8S : 06-95-57-75-42\u00a0 \/\u00a0 president@ovaledeloire-amboise-rugby.fr<br style=\"text-align: start;\" \/>Alain PURET : 06-63-36-19-09\u00a0 \/\u00a0 seniors@ovaledeloire-amboise-rugby.fr<br style=\"text-align: start;\" \/><\/span><\/p>\n<p style=\"padding-left: 440px;\"><a href=\"https:\/\/www.ovaledeloire-amboise-rugby.fr\/?page_id=3882\"><img loading=\"lazy\" class=\"wp-image-3997 size-medium aligncenter\" src=\"https:\/\/www.ovaledeloire-amboise-rugby.fr\/wp-content\/uploads\/2022\/07\/Bouton-Seniors-2022-2023-D-300x90.jpg\" alt=\"\" width=\"300\" height=\"90\" srcset=\"https:\/\/www.ovaledeloire-amboise-rugby.fr\/wp-content\/uploads\/2022\/07\/Bouton-Seniors-2022-2023-D-300x90.jpg 300w, https:\/\/www.ovaledeloire-amboise-rugby.fr\/wp-content\/uploads\/2022\/07\/Bouton-Seniors-2022-2023-D.jpg 378w\" sizes=\"(max-width: 300px) 100vw, 300px\" \/><\/a><\/p>\n<p style=\"padding-left: 440px;\"><a href=\"https:\/\/www.ovaledeloire-amboise-rugby.fr\/?page_id=3870\"><img loading=\"lazy\" class=\"wp-image-3921 size-medium aligncenter\" src=\"https:\/\/www.ovaledeloire-amboise-rugby.fr\/wp-content\/uploads\/2022\/06\/Bouton-Jeunes-2022-2023-D-300x90.jpg\" alt=\"\" width=\"300\" height=\"90\" srcset=\"https:\/\/www.ovaledeloire-amboise-rugby.fr\/wp-content\/uploads\/2022\/06\/Bouton-Jeunes-2022-2023-D-300x90.jpg 300w, https:\/\/www.ovaledeloire-amboise-rugby.fr\/wp-content\/uploads\/2022\/06\/Bouton-Jeunes-2022-2023-D.jpg 378w\" sizes=\"(max-width: 300px) 100vw, 300px\" \/><\/a><a href=\"https:\/\/www.ovaledeloire-amboise-rugby.fr\/?page_id=3814\"><img loading=\"lazy\" class=\"aligncenter wp-image-3920 size-medium\" src=\"https:\/\/www.ovaledeloire-amboise-rugby.fr\/wp-content\/uploads\/2022\/06\/Bouton-EDR-2022-2023-D-300x90.jpg\" alt=\"\" width=\"300\" height=\"90\" srcset=\"https:\/\/www.ovaledeloire-amboise-rugby.fr\/wp-content\/uploads\/2022\/06\/Bouton-EDR-2022-2023-D-300x90.jpg 300w, https:\/\/www.ovaledeloire-amboise-rugby.fr\/wp-content\/uploads\/2022\/06\/Bouton-EDR-2022-2023-D.jpg 378w\" sizes=\"(max-width: 300px) 100vw, 300px\" \/><\/a><\/p>\n<p>&nbsp;<\/p>\n","protected":false},"excerpt":{"rendered":"<p>REPRISE DES ENTRA\u00ceNEMENTS POUR LA SAISON 2022\/2023\u00a0: Baby-Rugby, U6, U8, U10, U12 : samedi 27 ao\u00fbt 2022, \u00e0 14h30 M14, F15 : mercredi 24 ao\u00fbt 2022, \u00e0 18h30 M16, M19 : mercredi 24 ao\u00fbt 2021, \u00e0 19H30 F18 : mercredi 24 ao\u00fbt 2022, \u00e0 18H30 M+18, Seniors Comp\u00e9titions : mercredi 24 ao\u00fbt 2022, \u00e0 19h30 [&hellip;]<\/p>\n","protected":false},"author":2,"featured_media":0,"parent":0,"menu_order":0,"comment_status":"closed","ping_status":"closed","template":"templates\/template-full-width.php","meta":[],"_links":{"self":[{"href":"https:\/\/www.ovaledeloire-amboise-rugby.fr\/index.php?rest_route=\/wp\/v2\/pages\/3805"}],"collection":[{"href":"https:\/\/www.ovaledeloire-amboise-rugby.fr\/index.php?rest_route=\/wp\/v2\/pages"}],"about":[{"href":"https:\/\/www.ovaledeloire-amboise-rugby.fr\/index.php?rest_route=\/wp\/v2\/types\/page"}],"author":[{"embeddable":true,"href":"https:\/\/www.ovaledeloire-amboise-rugby.fr\/index.php?rest_route=\/wp\/v2\/users\/2"}],"replies":[{"embeddable":true,"href":"https:\/\/www.ovaledeloire-amboise-rugby.fr\/index.php?rest_route=%2Fwp%2Fv2%2Fcomments&post=3805"}],"version-history":[{"count":27,"href":"https:\/\/www.ovaledeloire-amboise-rugby.fr\/index.php?rest_route=\/wp\/v2\/pages\/3805\/revisions"}],"predecessor-version":[{"id":4102,"href":"https:\/\/www.ovaledeloire-amboise-rugby.fr\/index.php?rest_route=\/wp\/v2\/pages\/3805\/revisions\/4102"}],"wp:attachment":[{"href":"https:\/\/www.ovaledeloire-amboise-rugby.fr\/index.php?rest_route=%2Fwp%2Fv2%2Fmedia&parent=3805"}],"curies":[{"name":"wp","href":"https:\/\/api.w.org\/{rel}","templated":true}]}}