{"id":88,"date":"2016-08-09T16:32:51","date_gmt":"2016-08-09T14:32:51","guid":{"rendered":"http:\/\/wordpress.ovaledeloire-amboise-rugby.fr\/?page_id=88"},"modified":"2024-08-23T11:17:10","modified_gmt":"2024-08-23T09:17:10","slug":"pole-seniors","status":"publish","type":"page","link":"https:\/\/www.ovaledeloire-amboise-rugby.fr\/?page_id=88","title":{"rendered":"Seniors Comp\u00e9titions"},"content":{"rendered":"<p>&nbsp;<\/p>\n<p style=\"text-align: left;\"><span style=\"color: #000000;\">Les SENIORS COMPETITIONS, \u00e9voluent \u00e0 XV et \u00e0 VII sur un grand terrain.<\/span><br style=\"text-align: start;\" \/><span style=\"text-align: start; color: #000000;\">Les gar\u00e7ons \u00e9voluant dans cette cat\u00e9gorie doivent avoir 18 ans.<\/span><br style=\"text-align: start;\" \/><span style=\"text-align: start; color: #000000;\">Ils participent au championnat r\u00e9gional \u00e0 XV.<\/span><br style=\"text-align: start;\" \/><span style=\"text-align: start; color: #000000;\">Ils participent \u00e9galement au championnat r\u00e9gional \u00e0 VII.<\/span><\/p>\n<p>&nbsp;<\/p>\n<p><span style=\"text-decoration: underline; color: #ff0000;\"><em><strong>LES ENTRAINEMENTS :<\/strong><\/em><\/span><\/p>\n<p style=\"padding-left: 40px;\"><span style=\"color: #000000;\">Les Seniors Comp\u00e9tition s&#8217;entra\u00eenent deux fois par semaine, le mardi et le vendredi \u00e0 19h30, au stade &#8220;Marc Li\u00e8vremont&#8221;, route des Montils, \u00e0 Lussault-sur-Loire<\/span><span style=\"color: #000000;\">.<\/span><\/p>\n<p>&nbsp;<\/p>\n<p><strong><em><span style=\"color: #ff0000; text-decoration: underline;\">COMPETITIONS, CADRE D&#8217;EVOLUTION :<\/span><\/em><\/strong><\/p>\n<p style=\"text-align: justify; padding-left: 40px;\"><span style=\"color: #000000;\">Les Seniors comp\u00e9tition\u00a0p<span style=\"text-align: start;\">articipent un championnat r\u00e9gional de s\u00e9rie, \u00e0 XV. Les Matchs ont lieux le dimanche apr\u00e8s midi<\/span><\/span><\/p>\n<p style=\"text-align: justify; padding-left: 40px;\">Ils participent \u00e9galement au championnat r\u00e9gional \u00e0 VII.<\/p>\n<p style=\"text-align: justify; padding-left: 40px;\">Un stage coh\u00e9sion et pr\u00e9paration physique est organis\u00e9 en d\u00e9but de saison.<\/p>\n<p style=\"padding-left: 40px;\">L&#8217;amicale des joueurs, jamais tr\u00e8s loin des Ovaliens, propose r\u00e9guli\u00e8rement des \u00e9v\u00e9nements au seing du groupe et participe aux \u00e9v\u00e9nements du club.<\/p>\n<p>&nbsp;<\/p>\n<p><span style=\"text-decoration: underline; color: #ff0000;\"><strong><em>LES COACHES et LE STAFF :<\/em><\/strong><\/span><\/p>\n<p style=\"padding-left: 40px;\"><span style=\"color: #000000;\">les Seniors Comp\u00e9tition, b\u00e9n\u00e9ficient d&#8217;un encadrement de 3 coachs dipl\u00f4m\u00e9s FFR.<\/span><br style=\"text-align: start;\" \/><span style=\"text-align: start; color: #000000;\">Ils sont \u00e9paul\u00e9s d&#8217;un pr\u00e9parateur physique en d\u00e9but de saison.<\/span><br style=\"text-align: start;\" \/><span style=\"text-align: start; color: #000000;\">Deux encadrants les suivent toute la saison, pour l&#8217;intendance et l&#8217;administratif.<\/span><\/p>\n<p>&nbsp;<\/p>\n<p><span style=\"color: #ff0000;\"><em><strong><span style=\"text-decoration: underline;\">INFOS PRATIQUES ET ADMINISTRATIVES<\/span> :<\/strong><\/em><\/span><\/p>\n<p>Seniors Comp\u00e9titions\u00a0 \u00a0 \u00a0 \u00a0 \u00a0:\u00a0 Alain PURET &#8211; 06 63 36 19 09 &#8211; seniors@ovaledeloire-amboise-rugby.fr<\/p>\n<p>Pr\u00e9sident du club\u00a0 \u00a0 \u00a0 \u00a0 \u00a0 \u00a0 \u00a0 \u00a0 \u00a0:\u00a0 Cyril LEBOURL\u00c8S &#8211; 06 95 57 75 42 &#8211; president@ovaledeloire-amboise-rugby.fr<\/p>\n<p>Secr\u00e9tariat du club\u00a0 \u00a0 \u00a0 \u00a0 \u00a0 \u00a0 \u00a0 :\u00a0 Magali RAGUENEAU &#8211; 06 09 30 55 48 &#8211; secretariat@ovaledeloire-amboise-rugby.fr<\/p>\n<p>&nbsp;<\/p>\n<p style=\"text-align: center;\"><a href=\"https:\/\/www.ovaledeloire-amboise-rugby.fr\/?page_id=4745\" target=\"_blank\" rel=\"noopener\"><img loading=\"lazy\" class=\"aligncenter wp-image-4722 size-medium\" src=\"https:\/\/www.ovaledeloire-amboise-rugby.fr\/wp-content\/uploads\/2024\/07\/Bouton-Seniors-2024-2025-D-300x90.jpg\" alt=\"\" width=\"300\" height=\"90\" srcset=\"https:\/\/www.ovaledeloire-amboise-rugby.fr\/wp-content\/uploads\/2024\/07\/Bouton-Seniors-2024-2025-D-300x90.jpg 300w, https:\/\/www.ovaledeloire-amboise-rugby.fr\/wp-content\/uploads\/2024\/07\/Bouton-Seniors-2024-2025-D.jpg 378w\" sizes=\"(max-width: 300px) 100vw, 300px\" \/><\/a><\/p>\n<p>&nbsp;<\/p>\n","protected":false},"excerpt":{"rendered":"<p>&nbsp; Les SENIORS COMPETITIONS, \u00e9voluent \u00e0 XV et \u00e0 VII sur un grand terrain.Les gar\u00e7ons \u00e9voluant dans cette cat\u00e9gorie doivent avoir 18 ans.Ils participent au championnat r\u00e9gional \u00e0 XV.Ils participent \u00e9galement au championnat r\u00e9gional \u00e0 VII. &nbsp; LES ENTRAINEMENTS : Les Seniors Comp\u00e9tition s&#8217;entra\u00eenent deux fois par semaine, le mardi et le vendredi \u00e0 19h30, [&hellip;]<\/p>\n","protected":false},"author":1,"featured_media":0,"parent":0,"menu_order":0,"comment_status":"closed","ping_status":"closed","template":"templates\/template-full-width.php","meta":[],"_links":{"self":[{"href":"https:\/\/www.ovaledeloire-amboise-rugby.fr\/index.php?rest_route=\/wp\/v2\/pages\/88"}],"collection":[{"href":"https:\/\/www.ovaledeloire-amboise-rugby.fr\/index.php?rest_route=\/wp\/v2\/pages"}],"about":[{"href":"https:\/\/www.ovaledeloire-amboise-rugby.fr\/index.php?rest_route=\/wp\/v2\/types\/page"}],"author":[{"embeddable":true,"href":"https:\/\/www.ovaledeloire-amboise-rugby.fr\/index.php?rest_route=\/wp\/v2\/users\/1"}],"replies":[{"embeddable":true,"href":"https:\/\/www.ovaledeloire-amboise-rugby.fr\/index.php?rest_route=%2Fwp%2Fv2%2Fcomments&post=88"}],"version-history":[{"count":8,"href":"https:\/\/www.ovaledeloire-amboise-rugby.fr\/index.php?rest_route=\/wp\/v2\/pages\/88\/revisions"}],"predecessor-version":[{"id":4815,"href":"https:\/\/www.ovaledeloire-amboise-rugby.fr\/index.php?rest_route=\/wp\/v2\/pages\/88\/revisions\/4815"}],"wp:attachment":[{"href":"https:\/\/www.ovaledeloire-amboise-rugby.fr\/index.php?rest_route=%2Fwp%2Fv2%2Fmedia&parent=88"}],"curies":[{"name":"wp","href":"https:\/\/api.w.org\/{rel}","templated":true}]}}